{"id":1669,"date":"2022-11-07T11:23:35","date_gmt":"2022-11-07T08:23:35","guid":{"rendered":"https:\/\/dualege.com.tr\/?page_id=1669"},"modified":"2022-11-07T18:04:18","modified_gmt":"2022-11-07T15:04:18","slug":"seo-danismanligi","status":"publish","type":"page","link":"https:\/\/dualege.com.tr\/index.php\/seo-danismanligi\/","title":{"rendered":"Seo Dan\u0131\u015fmanl\u0131\u011f\u0131"},"content":{"rendered":"<p>[vc_row][vc_column icons_position=&#8221;left&#8221;]<div id=\"sc_title_1797903559\"\n\t\tclass=\"sc_title color_style_default sc_title_default\"><h3 class=\"sc_item_title sc_title_title sc_align_center sc_item_title_style_default\">Seo Dan\u0131\u015fmanl\u0131\u011f\u0131<\/h3><\/div><!-- \/.sc_title -->[\/vc_column][\/vc_row][vc_row][vc_column icons_position=&#8221;left&#8221;][vc_empty_space alter_height=&#8221;medium&#8221; hide_on_desktop=&#8221;&#8221; hide_on_notebook=&#8221;&#8221; hide_on_tablet=&#8221;&#8221; hide_on_mobile=&#8221;&#8221;][\/vc_column][\/vc_row][vc_row][vc_column width=&#8221;1\/2&#8243; hide_bg_image_on_tablet=&#8221;&#8221; hide_bg_image_on_mobile=&#8221;&#8221; icons_position=&#8221;left&#8221;][vc_single_image image=&#8221;1699&#8243; img_size=&#8221;550*250&#8243; alignment=&#8221;center&#8221; style=&#8221;vc_box_shadow_border&#8221; css_animation=&#8221;fadeInDown&#8221; css=&#8221;.vc_custom_1667833378856{border-radius: 35px !important;}&#8221;][\/vc_column][vc_column width=&#8221;1\/2&#8243; icons_position=&#8221;left&#8221;][vc_column_text css=&#8221;.vc_custom_1667810565023{padding-top: 60px !important;padding-bottom: 60px !important;}&#8221;]Sitenizin Google\u2019da g\u00f6r\u00fcn\u00fcrl\u00fc\u011f\u00fc \u00e7ok \u00f6nemlidir. SEO Dan\u0131\u015fmanl\u0131\u011f\u0131 b\u00fcnyesindeki ekibimiz arama motoru sonu\u00e7lar\u0131nda (SERP) g\u00f6r\u00fcn\u00fcrl\u00fc\u011f\u00fcn\u00fcz\u00fc art\u0131rmak i\u00e7in \u00f6zel olarak haz\u0131rlanm\u0131\u015f SEO (Arama Motoru Optimizasyonu) stratejileri uygular. Bu nedenle, faaliyetlerimiz Google g\u00fcncellemelerine dayanacak \u015fekilde tasarlanm\u0131\u015ft\u0131r. Sitenizin teknik performans\u0131n\u0131, yap\u0131s\u0131n\u0131, i\u00e7eri\u011fini ve buna benzer bir\u00e7ok konuyu optimize ediyoruz.[\/vc_column_text][\/vc_column][\/vc_row][vc_row][vc_column icons_position=&#8221;left&#8221;][vc_empty_space alter_height=&#8221;medium&#8221; hide_on_desktop=&#8221;&#8221; hide_on_notebook=&#8221;&#8221; hide_on_tablet=&#8221;&#8221; hide_on_mobile=&#8221;&#8221;][\/vc_column][\/vc_row][vc_row][vc_column icons_position=&#8221;left&#8221;]<div id=\"sc_title_1565052603\"\n\t\tclass=\"sc_title color_style_default sc_title_default\"><h6 class=\"sc_item_subtitle sc_title_subtitle sc_align_center sc_item_title_style_default\"><span class=\"in\">Seo Dan\u0131\u015fmanl\u0131\u011f\u0131 Nedir?<\/span><\/h6><\/div><!-- \/.sc_title -->[vc_empty_space hide_on_desktop=&#8221;&#8221; hide_on_notebook=&#8221;&#8221; hide_on_tablet=&#8221;&#8221; hide_on_mobile=&#8221;&#8221;][vc_column_text]SEO Dan\u0131\u015fmanl\u0131\u011f\u0131, i\u00e7eriklerin (sayfalar, blog makaleleri, \u00fcr\u00fcn a\u00e7\u0131klamalar\u0131 vb.) sonu\u00e7lar\u0131n\u0131 Google, Bing veya Yahoo gibi arama motorlar\u0131nda (SERP) iyile\u015ftirme amac\u0131n\u0131 ta\u015f\u0131r ve bu sayede web sitelerinin SEO&#8217;sunu y\u00f6netir. \u00d6ncelikle, Google dahil arama motorlar\u0131ndaki s\u0131ralamalar\u0131n\u0131 iyile\u015ftirmek i\u00e7in web i\u00e7eri\u011finizi optimize etmeyi ama\u00e7layan bir dizi SEO tekni\u011fi olan \u201cArama Motoru Optimizasyonu\u201d nun k\u0131saltmas\u0131 olan SEO&#8217;dan sorumludur. SEO dan\u0131\u015fmanl\u0131\u011f\u0131 veya SEO ajans\u0131, arama motoru sonu\u00e7lar\u0131nda web sitenizi konumland\u0131rma konusunda dan\u0131\u015fmanlar\u0131 ve uzmanlar\u0131 bir araya getiren SEO konusunda uzmanla\u015fm\u0131\u015f bir dijital ajanst\u0131r. SEO dan\u0131\u015fmanl\u0131\u011f\u0131, farkl\u0131 SEO tekniklerinin yard\u0131m\u0131yla web sitenizin Google\u2019da \u00fcst s\u0131ralarda \u00e7\u0131kmas\u0131n\u0131 sa\u011flayacakt\u0131r.[\/vc_column_text][\/vc_column][\/vc_row][vc_row][vc_column icons_position=&#8221;left&#8221;][vc_empty_space alter_height=&#8221;medium&#8221; hide_on_desktop=&#8221;&#8221; hide_on_notebook=&#8221;&#8221; hide_on_tablet=&#8221;&#8221; hide_on_mobile=&#8221;&#8221;][\/vc_column][\/vc_row][vc_row][vc_column icons_position=&#8221;left&#8221;]<div id=\"sc_title_1450427492\"\n\t\tclass=\"sc_title color_style_default sc_title_default\"><h6 class=\"sc_item_subtitle sc_title_subtitle sc_align_center sc_item_title_style_default\"><span class=\"in\">Neden SEO'dan Yararlanmal\u0131s\u0131n\u0131z?<\/span><\/h6><\/div><!-- \/.sc_title -->[vc_empty_space hide_on_desktop=&#8221;&#8221; hide_on_notebook=&#8221;&#8221; hide_on_tablet=&#8221;&#8221; hide_on_mobile=&#8221;&#8221;][vc_column_text]<\/p>\n<div class=\"elementor-element elementor-element-de7006e elementor-list-item-link-full_width elementor-widget elementor-widget-icon-list\" data-id=\"de7006e\" data-element_type=\"widget\" data-widget_type=\"icon-list.default\">\n<div class=\"elementor-widget-container\">\n<p><span class=\"elementor-icon-list-text\">Cevap olduk\u00e7a basit, SEO sayesinde web sitenize gelen insanlar basit veya ilgisiz ziyaret\u00e7iler de\u011fil, belirli bir ihtiyaca cevap arayan nitelikli potansiyel m\u00fc\u015fterilerdir. <\/span>Google&#8217;\u0131n kurallar\u0131 dikkate al\u0131narak d\u00fczenli olarak yap\u0131lan t\u00fcm optimizasyonlar yani iyi planlanm\u0131\u015f bir SEO stratejisi sitenizi arama motorlar\u0131nda kal\u0131c\u0131 olarak g\u00f6r\u00fcn\u00fcr k\u0131lar.<\/p>\n<\/div>\n<\/div>\n<div class=\"elementor-element elementor-element-488b7e28 elementor-widget elementor-widget-spacer\" data-id=\"488b7e28\" data-element_type=\"widget\" data-widget_type=\"spacer.default\">\n<div class=\"elementor-widget-container\">\n<div class=\"elementor-spacer\"><\/div>\n<\/div>\n<\/div>\n<p>[\/vc_column_text][\/vc_column][\/vc_row][vc_row][vc_column icons_position=&#8221;left&#8221;][vc_empty_space alter_height=&#8221;medium&#8221; hide_on_desktop=&#8221;&#8221; hide_on_notebook=&#8221;&#8221; hide_on_tablet=&#8221;&#8221; hide_on_mobile=&#8221;&#8221;][\/vc_column][\/vc_row][vc_row][vc_column css_animation=&#8221;fadeIn&#8221; width=&#8221;1\/4&#8243; icons_position=&#8221;left&#8221;][vc_column_text css=&#8221;.vc_custom_1667813177077{padding-top: 20px !important;padding-right: 20px !important;padding-bottom: 20px !important;padding-left: 20px !important;background-color: #dcdcdc !important;border-radius: 15px !important;}&#8221;]<\/p>\n<p style=\"text-align: center;\">\u00dccretli reklamlar\u0131 g\u00f6rmezden gelen hatr\u0131 say\u0131l\u0131r internet kullan\u0131c\u0131s\u0131 i\u00e7in\u00a0SEO\u00a0\u00e7al\u0131\u015fmas\u0131, firman\u0131z\u0131n internet ortam\u0131ndaki hakimiyetini ve g\u00fcvenilirli\u011fini art\u0131ran bir hizmettir.<\/p>\n<p>[\/vc_column_text][\/vc_column][vc_column width=&#8221;1\/4&#8243; icons_position=&#8221;left&#8221;][vc_single_image image=&#8221;1705&#8243; img_size=&#8221;medium&#8221; alignment=&#8221;center&#8221; css_animation=&#8221;slideInDown&#8221;][\/vc_column][vc_column css_animation=&#8221;fadeIn&#8221; width=&#8221;1\/4&#8243; icons_position=&#8221;left&#8221;][vc_column_text css=&#8221;.vc_custom_1667813235881{padding-top: 20px !important;padding-right: 20px !important;padding-bottom: 20px !important;padding-left: 20px !important;background-color: #dcdcdc !important;border-radius: 15px !important;}&#8221;]<\/p>\n<p style=\"text-align: center;\">Web sitenizin organik aramalarda daha \u00fcst s\u0131ralarda yer almas\u0131 i\u00e7in gerekli analiz i\u015flemlerinin yap\u0131lmas\u0131 gerekir. Sonras\u0131nda ise ihtiyaca uygun\u00a0SEO\u00a0\u00e7al\u0131\u015fmas\u0131 ba\u015flat\u0131l\u0131r.<\/p>\n<p>[\/vc_column_text][\/vc_column][vc_column width=&#8221;1\/4&#8243; icons_position=&#8221;left&#8221;][vc_single_image image=&#8221;1706&#8243; img_size=&#8221;medium&#8221; alignment=&#8221;center&#8221; css_animation=&#8221;slideInUp&#8221;][\/vc_column][\/vc_row][vc_row][vc_column icons_position=&#8221;left&#8221;][vc_empty_space alter_height=&#8221;medium&#8221; hide_on_desktop=&#8221;&#8221; hide_on_notebook=&#8221;&#8221; hide_on_tablet=&#8221;&#8221; hide_on_mobile=&#8221;&#8221;][\/vc_column][\/vc_row][vc_row][vc_column icons_position=&#8221;left&#8221;][vc_column_text]Sonu\u00e7 olarak\u00a0SEO \u00e7al\u0131\u015fmas\u0131, arama motoru botlar\u0131n\u0131n web sitenizi, milyonlarca web site aras\u0131nda daha kolay tarayarak daha h\u0131zl\u0131 bir \u015fekilde saptamas\u0131n\u0131 sa\u011flar. Bunun sonucunda ise siz internet ortam\u0131nda hangi tan\u0131mlamalar\u0131 kar\u015f\u0131lamak istiyorsan\u0131z o do\u011frultuda\u00a0SEO\u00a0\u00e7al\u0131\u015fmas\u0131 yap\u0131larak organik bir \u015fekilde ilgili tan\u0131mlamalara ula\u015fmak isteyen kullan\u0131c\u0131lar\u0131n size ula\u015fmas\u0131na yard\u0131mc\u0131 olmu\u015f olur.[\/vc_column_text][\/vc_column][\/vc_row]<\/p>\n","protected":false},"excerpt":{"rendered":"<p>[vc_row][vc_column icons_position=&#8221;left&#8221;][\/vc_column][\/vc_row][vc_row][vc_column icons_position=&#8221;left&#8221;][vc_empty_space alter_height=&#8221;medium&#8221; hide_on_desktop=&#8221;&#8221; hide_on_notebook=&#8221;&#8221; hide_on_tablet=&#8221;&#8221; hide_on_mobile=&#8221;&#8221;][\/vc_column][\/vc_row][vc_row][vc_column width=&#8221;1\/2&#8243; hide_bg_image_on_tablet=&#8221;&#8221; hide_bg_image_on_mobile=&#8221;&#8221; icons_position=&#8221;left&#8221;][vc_single_image image=&#8221;1699&#8243; img_size=&#8221;550*250&#8243; alignment=&#8221;center&#8221; style=&#8221;vc_box_shadow_border&#8221; css_animation=&#8221;fadeInDown&#8221; css=&#8221;.vc_custom_1667833378856{border-radius: 35px !important;}&#8221;][\/vc_column][vc_column width=&#8221;1\/2&#8243; icons_position=&#8221;left&#8221;][vc_column_text css=&#8221;.vc_custom_1667810565023{padding-top: 60px !important;padding-bottom: 60px !important;}&#8221;]Sitenizin Google\u2019da g\u00f6r\u00fcn\u00fcrl\u00fc\u011f\u00fc \u00e7ok \u00f6nemlidir. SEO Dan\u0131\u015fmanl\u0131\u011f\u0131 b\u00fcnyesindeki ekibimiz arama motoru sonu\u00e7lar\u0131nda&hellip;<\/p>\n","protected":false},"author":1,"featured_media":0,"parent":0,"menu_order":0,"comment_status":"closed","ping_status":"closed","template":"","meta":{"footnotes":""},"class_list":["post-1669","page","type-page","status-publish","hentry"],"_links":{"self":[{"href":"https:\/\/dualege.com.tr\/index.php\/wp-json\/wp\/v2\/pages\/1669","targetHints":{"allow":["GET"]}}],"collection":[{"href":"https:\/\/dualege.com.tr\/index.php\/wp-json\/wp\/v2\/pages"}],"about":[{"href":"https:\/\/dualege.com.tr\/index.php\/wp-json\/wp\/v2\/types\/page"}],"author":[{"embeddable":true,"href":"https:\/\/dualege.com.tr\/index.php\/wp-json\/wp\/v2\/users\/1"}],"replies":[{"embeddable":true,"href":"https:\/\/dualege.com.tr\/index.php\/wp-json\/wp\/v2\/comments?post=1669"}],"version-history":[{"count":13,"href":"https:\/\/dualege.com.tr\/index.php\/wp-json\/wp\/v2\/pages\/1669\/revisions"}],"predecessor-version":[{"id":1811,"href":"https:\/\/dualege.com.tr\/index.php\/wp-json\/wp\/v2\/pages\/1669\/revisions\/1811"}],"wp:attachment":[{"href":"https:\/\/dualege.com.tr\/index.php\/wp-json\/wp\/v2\/media?parent=1669"}],"curies":[{"name":"wp","href":"https:\/\/api.w.org\/{rel}","templated":true}]}}