{"id":1825,"date":"2022-11-29T12:51:41","date_gmt":"2022-11-29T09:51:41","guid":{"rendered":"https:\/\/dualege.com.tr\/?page_id=1825"},"modified":"2022-11-29T13:26:15","modified_gmt":"2022-11-29T10:26:15","slug":"fuar-standi","status":"publish","type":"page","link":"https:\/\/dualege.com.tr\/index.php\/fuar-standi\/","title":{"rendered":"Fuar Stand\u0131"},"content":{"rendered":"<p>[vc_row][vc_column icons_position=&#8221;left&#8221;]<div id=\"sc_title_298345993\"\n\t\tclass=\"sc_title color_style_default sc_title_default\"><h3 class=\"sc_item_title sc_title_title sc_align_center sc_item_title_style_default\">Fuar Stand\u0131<\/h3><\/div><!-- \/.sc_title -->[\/vc_column][\/vc_row][vc_row][vc_column icons_position=&#8221;left&#8221;][vc_empty_space alter_height=&#8221;medium&#8221; hide_on_desktop=&#8221;&#8221; hide_on_notebook=&#8221;&#8221; hide_on_tablet=&#8221;&#8221; hide_on_mobile=&#8221;&#8221;][\/vc_column][\/vc_row][vc_row][vc_column icons_position=&#8221;left&#8221;][vc_column_text]Fuar organizasyonlar\u0131nda firman\u0131z\u0131n kurumsal kimli\u011fini, \u00fcr\u00fcn i\u00e7eriklerini kusursuz bir \u015fekilde anlatabilecek standlard\u0131r.<\/p>\n<p>Fuarlarda birbirine yak\u0131n sekt\u00f6rlerden markalar\u0131n yer almas\u0131 fuar i\u00e7i bir \u00e7ok rekabet ortam\u0131 olu\u015fturur. Bu rekabet ortam\u0131nda marka kimli\u011finizi \u00f6n plana \u00e7\u0131karan en \u00f6nemli unsur standd\u0131r. \u00d6zg\u00fcn, merak uyand\u0131ran ve ilgi \u00e7ekici tasar\u0131mlarla marka kimli\u011finizi \u00f6n plana \u00e7\u0131kar\u0131yoruz. Deneyimli ekibimizle profesyonel tasar\u0131mlar olu\u015fturuyoruz.[\/vc_column_text][\/vc_column][\/vc_row]<\/p>\n","protected":false},"excerpt":{"rendered":"<p>[vc_row][vc_column icons_position=&#8221;left&#8221;][\/vc_column][\/vc_row][vc_row][vc_column icons_position=&#8221;left&#8221;][vc_empty_space alter_height=&#8221;medium&#8221; hide_on_desktop=&#8221;&#8221; hide_on_notebook=&#8221;&#8221; hide_on_tablet=&#8221;&#8221; hide_on_mobile=&#8221;&#8221;][\/vc_column][\/vc_row][vc_row][vc_column icons_position=&#8221;left&#8221;][vc_column_text]Fuar organizasyonlar\u0131nda firman\u0131z\u0131n kurumsal kimli\u011fini, \u00fcr\u00fcn i\u00e7eriklerini kusursuz bir \u015fekilde anlatabilecek standlard\u0131r. Fuarlarda birbirine yak\u0131n sekt\u00f6rlerden markalar\u0131n yer almas\u0131 fuar i\u00e7i bir \u00e7ok rekabet ortam\u0131 olu\u015fturur. Bu rekabet ortam\u0131nda marka&hellip;<\/p>\n","protected":false},"author":1,"featured_media":0,"parent":0,"menu_order":0,"comment_status":"closed","ping_status":"closed","template":"","meta":{"footnotes":""},"class_list":["post-1825","page","type-page","status-publish","hentry"],"_links":{"self":[{"href":"https:\/\/dualege.com.tr\/index.php\/wp-json\/wp\/v2\/pages\/1825","targetHints":{"allow":["GET"]}}],"collection":[{"href":"https:\/\/dualege.com.tr\/index.php\/wp-json\/wp\/v2\/pages"}],"about":[{"href":"https:\/\/dualege.com.tr\/index.php\/wp-json\/wp\/v2\/types\/page"}],"author":[{"embeddable":true,"href":"https:\/\/dualege.com.tr\/index.php\/wp-json\/wp\/v2\/users\/1"}],"replies":[{"embeddable":true,"href":"https:\/\/dualege.com.tr\/index.php\/wp-json\/wp\/v2\/comments?post=1825"}],"version-history":[{"count":2,"href":"https:\/\/dualege.com.tr\/index.php\/wp-json\/wp\/v2\/pages\/1825\/revisions"}],"predecessor-version":[{"id":1839,"href":"https:\/\/dualege.com.tr\/index.php\/wp-json\/wp\/v2\/pages\/1825\/revisions\/1839"}],"wp:attachment":[{"href":"https:\/\/dualege.com.tr\/index.php\/wp-json\/wp\/v2\/media?parent=1825"}],"curies":[{"name":"wp","href":"https:\/\/api.w.org\/{rel}","templated":true}]}}