{"id":1827,"date":"2022-11-29T12:52:39","date_gmt":"2022-11-29T09:52:39","guid":{"rendered":"https:\/\/dualege.com.tr\/?page_id=1827"},"modified":"2022-11-29T13:22:24","modified_gmt":"2022-11-29T10:22:24","slug":"fuar-hostesi","status":"publish","type":"page","link":"https:\/\/dualege.com.tr\/index.php\/fuar-hostesi\/","title":{"rendered":"Fuar Hostesi"},"content":{"rendered":"<p>[vc_row][vc_column icons_position=&#8221;left&#8221;]<div id=\"sc_title_1264732595\"\n\t\tclass=\"sc_title color_style_default sc_title_default\"><h3 class=\"sc_item_title sc_title_title sc_align_center sc_item_title_style_default\">Fuar Hostesi<\/h3><\/div><!-- \/.sc_title -->[\/vc_column][\/vc_row][vc_row][vc_column icons_position=&#8221;left&#8221;][vc_empty_space alter_height=&#8221;medium&#8221; hide_on_desktop=&#8221;&#8221; hide_on_notebook=&#8221;&#8221; hide_on_tablet=&#8221;&#8221; hide_on_mobile=&#8221;&#8221;][\/vc_column][\/vc_row][vc_row][vc_column width=&#8221;1\/2&#8243; icons_position=&#8221;left&#8221;][vc_single_image image=&#8221;1835&#8243; img_size=&#8221;600*300&#8243; alignment=&#8221;center&#8221; css=&#8221;.vc_custom_1669717344566{padding-top: 10px !important;padding-bottom: 10px !important;}&#8221;][\/vc_column][vc_column width=&#8221;1\/2&#8243; icons_position=&#8221;left&#8221;][vc_column_text]Fuar Stand\u0131n\u0131z sizin kat\u0131lm\u0131\u015f oldu\u011funuz fuardaki i\u015f yerinizdir. Fuar Stand\u0131n\u0131z kat\u0131lm\u0131\u015f oldu\u011funuz fuarda \u00fcr\u00fcnlerinizi d\u00fczg\u00fcn ve do\u011fru bir \u015fekilde sergilemeniz, firman\u0131z\u0131 ifade edebilmeniz k\u0131sacas\u0131 kat\u0131lm\u0131\u015f oldu\u011funuz fuar\u0131n amac\u0131na hizmet etmesi a\u00e7\u0131s\u0131ndan \u00e7ok \u00f6nemlidir..<\/p>\n<p>Firman\u0131z\u0131 ilk kez g\u00f6recek olan ziyaret\u00e7iler firman\u0131zla ilgili ilk izlenimlerini stand\u0131n\u0131z arac\u0131l\u0131\u011f\u0131 ile edinecekleridir.Bu a\u00e7\u0131dan Fuar standlar\u0131 \u00f6nemle \u00fczerinde durulmas\u0131 gereken bir konudur. Fuara kat\u0131lma amac\u0131n\u0131z se\u00e7ece\u011finiz fuar Stand\u0131 \u00e7e\u015fidini belirlemek a\u00e7\u0131s\u0131ndan en \u00f6nemli unsurdur..Prestij i\u00e7in kat\u0131lm\u0131\u015f oldu\u011funuz bir fuarda ucuz g\u00f6r\u00fcn\u00fcml\u00fc bir fuarda ziyaret\u00e7ilerin g\u00f6z\u00fcnde istedi\u011finiz etkiyi yaratamazs\u0131n\u0131z\u2026<\/p>\n<p>Stand hostesi, tan\u0131t\u0131m hostesi, servis hostesi, organizasyon host ve hostesleri ile fuar i\u00e7i etkinliklerinize destek oluyoruz.[\/vc_column_text][\/vc_column][\/vc_row]<\/p>\n","protected":false},"excerpt":{"rendered":"<p>[vc_row][vc_column icons_position=&#8221;left&#8221;][\/vc_column][\/vc_row][vc_row][vc_column icons_position=&#8221;left&#8221;][vc_empty_space alter_height=&#8221;medium&#8221; hide_on_desktop=&#8221;&#8221; hide_on_notebook=&#8221;&#8221; hide_on_tablet=&#8221;&#8221; hide_on_mobile=&#8221;&#8221;][\/vc_column][\/vc_row][vc_row][vc_column width=&#8221;1\/2&#8243; icons_position=&#8221;left&#8221;][vc_single_image image=&#8221;1835&#8243; img_size=&#8221;600*300&#8243; alignment=&#8221;center&#8221; css=&#8221;.vc_custom_1669717344566{padding-top: 10px !important;padding-bottom: 10px !important;}&#8221;][\/vc_column][vc_column width=&#8221;1\/2&#8243; icons_position=&#8221;left&#8221;][vc_column_text]Fuar Stand\u0131n\u0131z sizin kat\u0131lm\u0131\u015f oldu\u011funuz fuardaki i\u015f yerinizdir. Fuar Stand\u0131n\u0131z kat\u0131lm\u0131\u015f oldu\u011funuz fuarda \u00fcr\u00fcnlerinizi d\u00fczg\u00fcn ve do\u011fru bir \u015fekilde&hellip;<\/p>\n","protected":false},"author":1,"featured_media":0,"parent":0,"menu_order":0,"comment_status":"closed","ping_status":"closed","template":"","meta":{"footnotes":""},"class_list":["post-1827","page","type-page","status-publish","hentry"],"_links":{"self":[{"href":"https:\/\/dualege.com.tr\/index.php\/wp-json\/wp\/v2\/pages\/1827","targetHints":{"allow":["GET"]}}],"collection":[{"href":"https:\/\/dualege.com.tr\/index.php\/wp-json\/wp\/v2\/pages"}],"about":[{"href":"https:\/\/dualege.com.tr\/index.php\/wp-json\/wp\/v2\/types\/page"}],"author":[{"embeddable":true,"href":"https:\/\/dualege.com.tr\/index.php\/wp-json\/wp\/v2\/users\/1"}],"replies":[{"embeddable":true,"href":"https:\/\/dualege.com.tr\/index.php\/wp-json\/wp\/v2\/comments?post=1827"}],"version-history":[{"count":3,"href":"https:\/\/dualege.com.tr\/index.php\/wp-json\/wp\/v2\/pages\/1827\/revisions"}],"predecessor-version":[{"id":1837,"href":"https:\/\/dualege.com.tr\/index.php\/wp-json\/wp\/v2\/pages\/1827\/revisions\/1837"}],"wp:attachment":[{"href":"https:\/\/dualege.com.tr\/index.php\/wp-json\/wp\/v2\/media?parent=1827"}],"curies":[{"name":"wp","href":"https:\/\/api.w.org\/{rel}","templated":true}]}}